23, 389713
What are the prime factors of 106302238?
2, 7, 1847, 4111
List the prime factors of 1201153328.
2, 97, 773939
List the prime factors of 773936680.
2, 5, 11, 1758947
What are the prime factors of 29249268?
2, 3, 1223, 1993
List the prime factors of 821769264.
2, 3, 5706731
List the prime factors of 20118445.
5, 23, 174943
What are the prime factors of 4370329726?
2, 7, 19, 16429811
List the prime factors of 708107626.
2, 317, 1116889
What are the prime factors of 59153528?
2, 7, 37, 28549
What are the prime factors of 79184314?
2, 11, 499, 7213
What are the prime factors of 636747642?
2, 3, 3930541
What are the prime factors of 1801291?
23, 78317
List the prime factors of 238256869.
15227, 15647
List the prime factors of 101337931.
23, 37, 193, 617
What are the prime factors of 491030337?
3, 7, 67, 348991
What are the prime factors of 95221781?
79, 1205339
List the prime factors of 174816660.
2, 3, 5, 443, 6577
What are the prime factors of 59873318?
2, 59, 507401
What are the prime factors of 955449388?
2, 31, 149, 51713
List the prime factors of 5317461.
3, 31, 6353
What are the prime factors of 523453952?
2, 7, 19, 7687
List the prime factors of 112604097.
3, 1607, 23357
What are the prime factors of 23097985?
5, 17, 439, 619
What are the prime factors of 786754322?
2, 17, 23139833
What are the prime factors of 414429430?
2, 5, 29, 1429067
What are the prime factors of 42542949?
3, 173, 81971
List the prime factors of 461081013.
3, 37, 1483, 2801
List the prime factors of 50569405.
5, 383, 26407
List the prime factors of 2172468017.
89, 751, 32503
What are the prime factors of 2394986866?
2, 29, 853, 48409
List the prime factors of 512062610.
2, 5, 17, 37, 81409
What are the prime factors of 2661944538?
2, 3, 11, 40332493
List the prime factors of 127759200.
2, 3, 5, 53233
What are the prime factors of 485827415?
5, 53, 89, 20599
What are the prime factors of 474529476?
2, 3, 39544123
List the prime factors of 31891659.
3, 101, 105253
List the prime factors of 171613042.
2, 85806521
What are the prime factors of 146091547?
7, 211, 98911
List the prime factors of 268859719.
23, 11689553
List the prime factors of 116041456.
2, 17, 233, 1831
List the prime factors of 2223690520.
2, 5, 521, 106703
What are the prime factors of 2853945479?
7, 11, 283, 130969
What are the prime factors of 4585762944?
2, 3, 7, 131, 1447
What are the prime factors of 1938937925?
5, 337, 373, 617
What are the prime factors of 144686246?
2, 72343123
List the prime factors of 62661302.
2, 11, 73, 3547
List the prime factors of 7083049821.
3, 2361016607
What are the prime factors of 381688804?
2, 7, 13631743
What are the prime factors of 2359475036?
2, 7789, 75731
What are the prime factors of 234033440?
2, 5, 83, 17623
What are the prime factors of 20667862?
2, 10333931
What are the prime factors of 254448128?
2, 11, 45179
List the prime factors of 32136792.
2, 3, 751, 1783
List the prime factors of 155832680.
2, 5, 19, 205043
List the prime factors of 2982503170.
2, 5, 197, 347, 4363
What are the prime factors of 2574531091?
11, 234048281
List the prime factors of 343208048.
2, 41, 443, 1181
List the prime factors of 1072335037.
1072335037
What are the prime factors of 7857044866?
2, 11, 357138403
What are the prime factors of 789720772?
2, 3539, 55787
List the prime factors of 95449012.
2, 263, 90731
List the prime factors of 377770784.
2, 11805337
What are the prime factors of 60536066?
2, 30268033
What are the prime factors of 137430990?
2, 3, 5, 19, 80369
List the prime factors of 535842542.
2, 2213, 121067
What are the prime factors of 627027985?
5, 125405597
What are the prime factors of 38883668?
2, 9720917
What are the prime factors of 382696768?
2, 191, 31307
What are the prime factors of 35598074?
2, 17799037
What are the prime factors of 500043129?
3, 166681043
What are the prime factors of 1327755887?
5903, 224929
What are the prime factors of 3515536356?
2, 3, 292961363
What are the prime factors of 13502041?
7, 67, 28789
What are the prime factors of 592791609?
3, 73, 457, 5923
List the prime factors of 83588517.
3, 43, 103, 233
List the prime factors of 687321615.
3, 5, 31, 47681
What are the prime factors of 622128731?
7, 383, 232051
List the prime factors of 18966148.
2, 409, 11593
What are the prime factors of 398983347?
3, 7, 2111023
What are the prime factors of 1654276?
2, 13, 29, 1097
List the prime factors of 143727594.
2, 3, 31, 449, 1721
List the prime factors of 809156482.
2, 31, 227, 57493
What are the prime factors of 117282809?
7, 61, 274667
List the prime factors of 2218975617.
3, 8867, 83417
List the prime factors of 1056371168.
2, 29, 281, 4051
What are the prime factors of 5716180?
2, 5, 311, 919
List the prime factors of 186328956.
2, 3, 11, 1411583
List the prime factors of 1623156074.
2, 647, 1254371
List the prime factors of 1443316155.
3, 5, 199, 483523
List the prime factors of 1080114304.
2, 1327, 6359
What are the prime factors of 38548319?
47, 820177
What are the prime factors of 3492619749?
3, 149, 263, 3301
What are the prime factors of 1698457915?
5, 7, 11, 31, 101, 1409
List the prime factors of 3272882995.
5, 8423, 77713
List the prime factors of 182157969.
3, 7, 281, 30869
What are the prime factors of 118071421?
13, 43, 211219
List the prime factors of 246117243.
3, 349, 235069
What are the prime factors of 992081805?
3, 5, 11, 13, 113, 4093
What are the prime factors of 157396220?
2, 5, 53, 83, 1789
What are the prime factors of 2062168556?
2, 7, 241, 305597
List the prime factors of 1221997.
7, 174571
List the prime factors of 149637047.
7, 21376721
List the prime factors of 20500099.
1303, 15733
What are the prime factors of 228474862?
2, 7, 11, 134873
What are the prime factors of 605330909?
43, 14077463
List the prime factors of 2251850786.
2, 26437, 42589
List the prime factors of 254140296.
2, 3, 157, 67447
List the prime factors of 151155448.
2, 23, 821497
List the prime factors of 29832835.
5, 97, 61511
List the prime factors of 7699673275.
5, 7, 29, 97, 15641
List the prime factors of 473539280.
2, 5, 19, 311539
List the prime factors of 123427885.
5, 7, 3526511
What are the prime factors of 158182485?
3, 5, 113, 93323
What are the prime factors of 790492981?
521, 1517261
What are the prime factors of 50725798?
2, 2503, 10133
What are the prime factors of 166245639?
3, 7, 7916459
List the prime factors of 32332559.
7, 41, 112657
What are the prime factors of 34049818?
2, 11, 1547719
What are the prime factors of 397067905?
5, 13, 37, 107, 1543
What are the prime factors of 88931657?
2579, 34483
What are the prime factors of 65948813?
7, 29, 324871
What are the prime factors of 32236719?
3, 29, 370537
List the prime factors of 50290940.
2, 5, 7, 47, 7643
What are the prime factors of 22580480?
2, 5, 13, 23, 59
List the prime factors of 57398119.
211, 272029
List the prime factors of 562582672.
2, 4363, 8059
What are the prime factors of 397554236?
2, 653, 152203
List the prime factors of 165920710.
2, 5, 613, 27067
What are the prime factors of 2279858285?
5, 455971657
List the prime factors of 26085904.
2, 13, 83, 1511
What are the prime factors of 3592765041?
3, 28393, 42179
List the prime factors of 1766539563.
3, 373, 1091, 1447
List the prime factors of 313544846.
2, 156772423
What are the prime factors of 19308138?
2, 3, 1153, 2791
What are the prime factors of 148202104?
2, 79, 421, 557
List the prime factors of 79587302.
2, 17, 2340803
What are the prime factors of 3711253296?
2, 3, 139, 556243
List the prime factors of 368343552.
2, 3, 239807
List the prime factors of 128736304.
2, 31, 277, 937
List the prime factors of 16795698.
2, 3, 29, 96527
What are the prime factors of 1656354340?
2, 5, 5477, 15121
List the prime factors of 3328737972.
2, 3, 7, 17, 29, 11483
What are the prime factors of 35113464?
2, 3, 173, 2819
What are the prime factors of 76601317?
13, 5892409
What are the prime factors of 265691669?
31, 179, 47881
What are the prime factors of 366541877?
13, 103, 457, 599
What are the prime factors of 8972738?
2, 457, 9817
List the prime factors of 257013057.
3, 7, 19, 644143
What are the prime factors of 942770428?
2, 17, 1973, 7027
What are the prime factors of 61359856?
2,